{"id":171,"date":"2013-03-27T19:41:17","date_gmt":"2013-03-27T19:41:17","guid":{"rendered":"http:\/\/tapas.azurewebsites.net\/?page_id=171"},"modified":"2019-03-13T16:38:48","modified_gmt":"2019-03-13T16:38:48","slug":"historia-de-tapas","status":"publish","type":"page","link":"https:\/\/www.therapy-tapas.org\/?page_id=171","title":{"rendered":"Historia de TAPAS"},"content":{"rendered":"<p style=\"text-align: right;\">[<a title=\"History of TAPAS\" href=\"http:\/\/tapas.azurewebsites.net\/?page_id=151\">EN<\/a>]<\/p>\n<p>En junio 2003 por primera vez nos enteramos de la existencia de ni\u00f1os minusv\u00e1lidos en Klenica, Polonia. El centro atend\u00eda a ni\u00f1os peque\u00f1os abandonados por sus padres en Klenica (cerca de Zielona Gora) bajo el cuidado de las Hermanas de Maria Immaculata. Durante el congreso de terapia ocupacional de Atenas en 2004 Luc Vercruysse present\u00f3 el caso al comit\u00e9 de Occupational Therapy without Borders y se le otorg\u00f3\u00a0la permisi\u00f3n de iniciar un proyecto en el orfanato. Desde\u00a0el 2005 estudiantes de terapia ocupacional y de enfermer\u00eda de la Hogeschool Universiteit Brussel (HUB) iban all\u00ed para pr\u00e1cticas de tres semanas. Mieke Lembrechts, profesora de ense\u00f1anza especial Terbank de Heverlee, se implic\u00f3 en el proyecto. Era responsable de hacer actividades log\u00edsticas en el instituto como pr\u00e1cticas para los alumnos atrasados mentales.<\/p>\n<blockquote><p>La misi\u00f3n era luchar contra la injusticia y pobreza ocupacional.<\/p><\/blockquote>\n<p>Hab\u00eda varias causas a la falta de terapia y de terapeutas en Klenica. Intentamos paliar a este problema mandando estudiantes de terapia ocupacional a hacer pr\u00e1cticas. Por la introducci\u00f3n de normativas europeas al entrar Polonia en la UE, el instituto de Klenica tuvo que cerrar. Los ni\u00f1os se fueron a otro instituto similiar tambi\u00e9n llevado por las hermanas de Mari Immaculata. A partir de entonces pudimos mandar nuestros estudiantes y voluntarios a Katy Wroclawski-Jaszkotle, cerca de Wroclaw. No solo los estudiantes de la HUBrussel sino tambi\u00e9n los de otras universidades eran los bienvenidos. Luego de un congreso en Zaragoza,\u00a0Luc Vercruysse habl\u00f3 del proyecto con Cristina de Diego y\u00a0Patricia Jovellar (terapeutas estudiando fisioterap\u00eda en aquel momento). Ambos se entusiasmaron y se animaron a ir a Jaskotle con unos estudiantes para hacer trabajo de voluntariado.<\/p>\n<blockquote><p>Luego de esa conferencia decidimos establecer una asociaci\u00f3n con el nombre de\u00a0<b>TAPAS<\/b> (acr\u00f3nimo de\u00a0<b>Therapy for All Patients in All Situations<\/b>).<\/p><\/blockquote>\n<p>Quisimos encontrar lugares similares para mandar a nuestros estudiantes y voluntarios para cumplir con nuestros objetivos.\u00a0 Reninka De koker, OT en Esteli (Nicaragua) nos ayud\u00f3 a encontrar algunos proyectos interesantes. Patricia Jovellar encontr\u00f3 un lugar en Claypole (Argentina), y Cristina de Diego trabajaba de voluntaria en\u00a0Calcuta (India) en un instuituto de <i>\u201cLights of hope\u201d<\/i>. Aparte de mandar estudiantes y voluntarios a los proyectos, damos conferencias en congresos nacionales e internacionales. Esto nos permite conocer a m\u00e1s gente entusiasta dispuesta a ir a nuestros pryectos. En 2011 TAPAS se convirti\u00f3 oficialmente en asociaci\u00f3n sin \u00e1nimo de lucro con sede administrativa en\u00a0Zaragoza (Arag\u00f3n, Espa\u00f1a).<\/p>\n<p>Algunos datos.<\/p>\n<p>Nuestros proyectos hasta 2012:<\/p>\n<ul>\n<li><i>Jan Pawla II institute, Jaszkotle- <b>Polonia<\/b><\/i><\/li>\n<li><i>El Cotolengo de Don Orion, Claypole &#8211; <b>Argentina<\/b><\/i><\/li>\n<li><i>Lights of Hope, Calcuta- <b>India<\/b><\/i><i> <\/i><\/li>\n<li><i>Centro Juvenil Los pipitos, Esteli \u2013 <b>Nicaragua<\/b><\/i><\/li>\n<li><i>\u00a0Fundacion pedagogica Cristal, Esteli \u2013 <b>Nicaragua<\/b><\/i><\/li>\n<\/ul>\n<p>Ya mandamos estudiantes en\u00a0OT y\u00a0PT de varias universidades: \u00a0<i>\u00a0\u00a0 <\/i><\/p>\n<ul>\n<li><i>HUB (Bruselas &#8211; B\u00e9lgica)<\/i><i>\u00a0\u00a0\u00a0 <\/i><\/li>\n<li><i>University of Reus (Catalu\u00f1a <\/i><i><i>\u2013 Espa\u00f1a<\/i>)<\/i><\/li>\n<li><i>Unizar (Zaragoza \u2013 Espa\u00f1a)<\/i><\/li>\n<li><i>Escuala Universitatia Creu Roja (Terassa, Catalu\u00f1a\u00a0\u2013 Espa\u00f1a)<\/i><\/li>\n<li><i>TUAS (Turku \u2013 Finland)<\/i><\/li>\n<li><i>CVU Vest (Esbjerg \u2013 Dinamarca)<\/i><\/li>\n<\/ul>\n<p>Entre el inicio\u00a0y ahora llevamos publicados varios art\u00edculos en peri\u00f3dicos y revistas profesionales. Tambi\u00e9n concedimos varias entrevistas a radio y televisi\u00f3n. TAPAS organiz\u00f3 conferencias en Zaragoza, Bruselas y Esteli. Ya m\u00e1s de cien estudiantes y voluntarios dieron terapia en uno de los proyectos. Dos escuelas primarias belgas organizan actividades de patrocinio para nuestra asociaci\u00f3n. Hasta 2012 publicamos nuestras actividades en un blog\u00a0<a href=\"http:\/\/www.tapas.whereareyou.net\">www.tapas.whereareyou.net<\/a>. Ahora tenemos esta web <a href=\"http:\/\/www.therapy-tapas.org\">www.therapy-tapas.org<\/a>, y una cuenta para donativos: IBAN ES22 2054 0344 23 9163417275<\/p>\n<p><a href=\"http:\/\/www.therapy-tapas.org\/wp-content\/uploads\/2013\/03\/1POLONIA.png\"><img loading=\"lazy\" decoding=\"async\" class=\"alignnone size-full wp-image-951\" src=\"http:\/\/www.therapy-tapas.org\/wp-content\/uploads\/2013\/03\/1POLONIA.png\" alt=\"1POLONIA\" width=\"400\" height=\"329\" srcset=\"https:\/\/www.therapy-tapas.org\/wp-content\/uploads\/2013\/03\/1POLONIA.png 400w, https:\/\/www.therapy-tapas.org\/wp-content\/uploads\/2013\/03\/1POLONIA-300x246.png 300w\" sizes=\"auto, (max-width: 400px) 100vw, 400px\" \/><\/a><\/p>\n<p>En marzo de 2019 cambiamos el nombre de Therapy for all Patients in All Situations a <em><strong>Therapy for all Persons in All Situations<\/strong><\/em><\/p>\n","protected":false},"excerpt":{"rendered":"<p>[EN] En junio 2003 por primera vez nos enteramos de la existencia de ni\u00f1os minusv\u00e1lidos en Klenica, Polonia. El centro atend\u00eda a ni\u00f1os peque\u00f1os abandonados por sus padres en Klenica (cerca de Zielona Gora) bajo el cuidado de las Hermanas de Maria Immaculata. Durante el congreso de terapia ocupacional de Atenas en 2004 Luc Vercruysse [&hellip;]<\/p>\n","protected":false},"author":1,"featured_media":0,"parent":0,"menu_order":0,"comment_status":"closed","ping_status":"closed","template":"","meta":{"_monsterinsights_skip_tracking":false,"_monsterinsights_sitenote_active":false,"_monsterinsights_sitenote_note":"","_monsterinsights_sitenote_category":0,"footnotes":""},"class_list":["post-171","page","type-page","status-publish","hentry"],"publishpress_future_action":{"enabled":false,"date":"2026-05-03 14:10:58","action":"change-status","newStatus":"draft","terms":[],"taxonomy":"","extraData":[]},"publishpress_future_workflow_manual_trigger":{"enabledWorkflows":[]},"_links":{"self":[{"href":"https:\/\/www.therapy-tapas.org\/index.php?rest_route=\/wp\/v2\/pages\/171","targetHints":{"allow":["GET"]}}],"collection":[{"href":"https:\/\/www.therapy-tapas.org\/index.php?rest_route=\/wp\/v2\/pages"}],"about":[{"href":"https:\/\/www.therapy-tapas.org\/index.php?rest_route=\/wp\/v2\/types\/page"}],"author":[{"embeddable":true,"href":"https:\/\/www.therapy-tapas.org\/index.php?rest_route=\/wp\/v2\/users\/1"}],"replies":[{"embeddable":true,"href":"https:\/\/www.therapy-tapas.org\/index.php?rest_route=%2Fwp%2Fv2%2Fcomments&post=171"}],"version-history":[{"count":3,"href":"https:\/\/www.therapy-tapas.org\/index.php?rest_route=\/wp\/v2\/pages\/171\/revisions"}],"predecessor-version":[{"id":1830,"href":"https:\/\/www.therapy-tapas.org\/index.php?rest_route=\/wp\/v2\/pages\/171\/revisions\/1830"}],"wp:attachment":[{"href":"https:\/\/www.therapy-tapas.org\/index.php?rest_route=%2Fwp%2Fv2%2Fmedia&parent=171"}],"curies":[{"name":"wp","href":"https:\/\/api.w.org\/{rel}","templated":true}]}}

<p style="text-align: right;">[<a title="History of TAPAS" href="http://tapas.azurewebsites.net/?page_id=151">EN</a>]</p>
<p>En junio 2003 por primera vez nos enteramos de la existencia de niños minusválidos en Klenica, Polonia. El centro atendía a niños pequeños abandonados por sus padres en Klenica (cerca de Zielona Gora) bajo el cuidado de las Hermanas de Maria Immaculata. Durante el congreso de terapia ocupacional de Atenas en 2004 Luc Vercruysse presentó el caso al comité de Occupational Therapy without Borders y se le otorgó la permisión de iniciar un proyecto en el orfanato. Desde el 2005 estudiantes de terapia ocupacional y de enfermería de la Hogeschool Universiteit Brussel (HUB) iban allí para prácticas de tres semanas. Mieke Lembrechts, profesora de enseñanza especial Terbank de Heverlee, se implicó en el proyecto. Era responsable de hacer actividades logísticas en el instituto como prácticas para los alumnos atrasados mentales.</p>
<blockquote><p>La misión era luchar contra la injusticia y pobreza ocupacional.</p></blockquote>
<p>Había varias causas a la falta de terapia y de terapeutas en Klenica. Intentamos paliar a este problema mandando estudiantes de terapia ocupacional a hacer prácticas. Por la introducción de normativas europeas al entrar Polonia en la UE, el instituto de Klenica tuvo que cerrar. Los niños se fueron a otro instituto similiar también llevado por las hermanas de Mari Immaculata. A partir de entonces pudimos mandar nuestros estudiantes y voluntarios a Katy Wroclawski-Jaszkotle, cerca de Wroclaw. No solo los estudiantes de la HUBrussel sino también los de otras universidades eran los bienvenidos. Luego de un congreso en Zaragoza, Luc Vercruysse habló del proyecto con Cristina de Diego y Patricia Jovellar (terapeutas estudiando fisioterapía en aquel momento). Ambos se entusiasmaron y se animaron a ir a Jaskotle con unos estudiantes para hacer trabajo de voluntariado.</p>
<blockquote><p>Luego de esa conferencia decidimos establecer una asociación con el nombre de <b>TAPAS</b> (acrónimo de <b>Therapy for All Patients in All Situations</b>).</p></blockquote>
<p>Quisimos encontrar lugares similares para mandar a nuestros estudiantes y voluntarios para cumplir con nuestros objetivos.  Reninka De koker, OT en Esteli (Nicaragua) nos ayudó a encontrar algunos proyectos interesantes. Patricia Jovellar encontró un lugar en Claypole (Argentina), y Cristina de Diego trabajaba de voluntaria en Calcuta (India) en un instuituto de <i>“Lights of hope”</i>. Aparte de mandar estudiantes y voluntarios a los proyectos, damos conferencias en congresos nacionales e internacionales. Esto nos permite conocer a más gente entusiasta dispuesta a ir a nuestros pryectos. En 2011 TAPAS se convirtió oficialmente en asociación sin ánimo de lucro con sede administrativa en Zaragoza (Aragón, España).</p>
<p>Algunos datos.</p>
<p>Nuestros proyectos hasta 2012:</p>
<ul>
<li><i>Jan Pawla II institute, Jaszkotle- <b>Polonia</b></i></li>
<li><i>El Cotolengo de Don Orion, Claypole &#8211; <b>Argentina</b></i></li>
<li><i>Lights of Hope, Calcuta- <b>India</b></i><i> </i></li>
<li><i>Centro Juvenil Los pipitos, Esteli – <b>Nicaragua</b></i></li>
<li><i> Fundacion pedagogica Cristal, Esteli – <b>Nicaragua</b></i></li>
</ul>
<p>Ya mandamos estudiantes en OT y PT de varias universidades:  <i>   </i></p>
<ul>
<li><i>HUB (Bruselas &#8211; Bélgica)</i><i>    </i></li>
<li><i>University of Reus (Cataluña </i><i><i>– España</i>)</i></li>
<li><i>Unizar (Zaragoza – España)</i></li>
<li><i>Escuala Universitatia Creu Roja (Terassa, Cataluña – España)</i></li>
<li><i>TUAS (Turku – Finland)</i></li>
<li><i>CVU Vest (Esbjerg – Dinamarca)</i></li>
</ul>
<p>Entre el inicio y ahora llevamos publicados varios artículos en periódicos y revistas profesionales. También concedimos varias entrevistas a radio y televisión. TAPAS organizó conferencias en Zaragoza, Bruselas y Esteli. Ya más de cien estudiantes y voluntarios dieron terapia en uno de los proyectos. Dos escuelas primarias belgas organizan actividades de patrocinio para nuestra asociación. Hasta 2012 publicamos nuestras actividades en un blog <a href="http://www.tapas.whereareyou.net">www.tapas.whereareyou.net</a>. Ahora tenemos esta web <a href="http://www.therapy-tapas.org">www.therapy-tapas.org</a>, y una cuenta para donativos: IBAN ES22 2054 0344 23 9163417275</p>
<p><a href="http://www.therapy-tapas.org/wp-content/uploads/2013/03/1POLONIA.png"><img loading="lazy" decoding="async" class="alignnone size-full wp-image-951" src="http://www.therapy-tapas.org/wp-content/uploads/2013/03/1POLONIA.png" alt="1POLONIA" width="400" height="329" srcset="https://www.therapy-tapas.org/wp-content/uploads/2013/03/1POLONIA.png 400w, https://www.therapy-tapas.org/wp-content/uploads/2013/03/1POLONIA-300x246.png 300w" sizes="auto, (max-width: 400px) 100vw, 400px" /></a></p>
<p>En marzo de 2019 cambiamos el nombre de Therapy for all Patients in All Situations a <em><strong>Therapy for all Persons in All Situations</strong></em></p>

<p>[EN] En junio 2003 por primera vez nos enteramos de la existencia de niños minusválidos en Klenica, Polonia. El centro atendía a niños pequeños abandonados por sus padres en Klenica (cerca de Zielona Gora) bajo el cuidado de las Hermanas de Maria Immaculata. Durante el congreso de terapia ocupacional de Atenas en 2004 Luc Vercruysse [&hellip;]</p>
